{"id":42,"date":"2018-05-05T20:37:37","date_gmt":"2018-05-05T20:37:37","guid":{"rendered":"http:\/\/mursalli.com\/?page_id=42"},"modified":"2024-10-03T14:08:21","modified_gmt":"2024-10-03T11:08:21","slug":"sayilarla-mursalli","status":"publish","type":"page","link":"https:\/\/mursalli.com\/index.php\/sayilarla-mursalli\/","title":{"rendered":"Say\u0131larla Mursall\u0131"},"content":{"rendered":"<p><img loading=\"lazy\" decoding=\"async\" class=\"alignnone  wp-image-420\" src=\"https:\/\/mursalli.com\/wp-content\/uploads\/2018\/06\/secim-300x149.jpg\" alt=\"\" width=\"497\" height=\"247\" srcset=\"https:\/\/mursalli.com\/wp-content\/uploads\/2018\/06\/secim-300x149.jpg 300w, https:\/\/mursalli.com\/wp-content\/uploads\/2018\/06\/secim.jpg 723w\" sizes=\"(max-width: 497px) 100vw, 497px\" \/><\/p>\n<p>1)\u00a0\u00a0 N\u00fcfus Say\u0131m\u0131 Sonu\u00e7lar\u0131<\/p>\n<p>2)\u00a0\u00a0 Se\u00e7im Sonu\u00e7lar\u0131 ve Belediye Ba\u015fkanlar\u0131m\u0131z<\/p>\n<p>3)\u00a0\u00a0 Muhtarlar<\/p>\n<p>4)\u00a0\u00a0 Belediye Ba\u015fkanlar\u0131m\u0131z ve yapt\u0131\u011f\u0131 hizmetler<\/p>\n<p><strong>1-) N\u00fcfus Say\u0131m\u0131 Sonu\u00e7lar\u0131<\/strong><\/p>\n<p><strong>\u00a0<\/strong>N\u00fcfus Say\u0131m\u0131<\/p>\n<p><u>\u00a0\u00a0 Y\u0131l\u0131\u00a0\u00a0\u00a0\u00a0\u00a0\u00a0\u00a0\u00a0\u00a0\u00a0\u00a0\u00a0\u00a0\u00a0\u00a0\u00a0\u00a0\u00a0\u00a0\u00a0\u00a0\u00a0\u00a0\u00a0\u00a0 N\u00fcfus<\/u><\/p>\n<p>1980\u00a0\u00a0 \u00a0\u00a0\u00a0\u00a0\u00a0\u00a0\u00a0\u00a0\u00a0\u00a0\u00a0\u00a0\u00a0\u00a0\u00a0\u00a0\u00a0\u00a0\u00a0\u00a0\u00a0\u00a0\u00a02.400<\/p>\n<p>1985\u00a0\u00a0\u00a0\u00a0\u00a0\u00a0\u00a0\u00a0\u00a0\u00a0\u00a0\u00a0\u00a0\u00a0\u00a0\u00a0\u00a0\u00a0\u00a0\u00a0\u00a0\u00a0\u00a0\u00a0\u00a0\u00a02.600<\/p>\n<p>1990\u00a0\u00a0\u00a0\u00a0\u00a0\u00a0\u00a0\u00a0\u00a0\u00a0\u00a0\u00a0\u00a0\u00a0\u00a0\u00a0\u00a0\u00a0\u00a0\u00a0\u00a0\u00a0\u00a0\u00a0\u00a0\u00a02.743<\/p>\n<p>1995\u00a0\u00a0\u00a0\u00a0\u00a0\u00a0\u00a0\u00a0\u00a0\u00a0\u00a0\u00a0\u00a0\u00a0\u00a0\u00a0\u00a0\u00a0\u00a0\u00a0\u00a0\u00a0\u00a0\u00a0\u00a0\u00a02.307<\/p>\n<p>2000\u00a0\u00a0\u00a0\u00a0\u00a0\u00a0\u00a0\u00a0\u00a0\u00a0\u00a0\u00a0\u00a0\u00a0\u00a0\u00a0\u00a0\u00a0\u00a0\u00a0\u00a0\u00a0\u00a0\u00a0\u00a0 2.049<\/p>\n<p><strong>2-) Se\u00e7im sonu\u00e7lar\u0131 ve Belediye Ba\u015fkanlar\u0131m\u0131z<\/strong><\/p>\n<p><strong>\u00a0<\/strong><strong>2009 Y\u0131l\u0131 Se\u00e7im Sonu\u00e7lar\u0131<\/strong><\/p>\n<p><strong>Mursall\u0131 Belediyesi\u2019nde 2009 Yerel Y\u00f6netim Se\u00e7imini Kazanan Belediye Ba\u015fkan\u0131:<\/strong><\/p>\n<p>HAYR\u0130 ALTAY<\/p>\n<p>CHP\u00a0\u00a0\u00a0440\u00a0\u00a0 %45,36<\/p>\n<p>DYP\u00a0\u00a0\u00a0373\u00a0\u00a0 %38,45<\/p>\n<p>AKP\u00a0\u00a0\u00a0157\u00a0\u00a0 %16,19<\/p>\n<p><strong>2004 Y\u0131l\u0131 Se\u00e7im Sonu\u00e7lar\u0131<\/strong><\/p>\n<p>Mursall\u0131 Belediyesi\u2019nde 2004 Yerel Y\u00f6netim Se\u00e7imini Kazanan Belediye Ba\u015fkan\u0131:<\/p>\n<p><strong>CUMHUR \u00c7ATIK<\/strong><\/p>\n<p>DYP\u00a0\u00a0 580\u00a0\u00a0 %44,41<\/p>\n<p>CHP\u00a0\u00a0 512\u00a0\u00a0 %39,20<\/p>\n<p>AKP\u00a0\u00a0 208\u00a0\u00a0 %15,93<\/p>\n<p>MHP\u00a0\u00a0 6\u00a0\u00a0\u00a0\u00a0\u00a0 %0,46<\/p>\n<p>N\u00dcFUS:<\/p>\n<p>SANDIK: 7<\/p>\n<p>L\u0130STE: 1699<\/p>\n<p>OY: 1334<\/p>\n<p>GE\u00c7ERL\u0130 OY:1306<\/p>\n<p>KATILIM:% 78,52<\/p>\n<p><strong>1999 Y\u0131l\u0131 Se\u00e7im Sonu\u00e7lar\u0131<\/strong><\/p>\n<p>Mursall\u0131 Belediyesi\u2019nde 1999 Yerel Y\u00f6netim Se\u00e7imini Kazanan Belediye Ba\u015fkan\u0131:<\/p>\n<p><strong>TUNAY BATARAY<\/strong><\/p>\n<p>DYP\u00a0\u00a0 671\u00a0\u00a0 %41,75<\/p>\n<p>CHP\u00a0\u00a0 681\u00a0\u00a0 %42,38<\/p>\n<p>ANAP\u00a0\u00a0 238\u00a0\u00a0 %14,81<\/p>\n<p>MHP\u00a0\u00a0 14\u00a0\u00a0\u00a0\u00a0\u00a0\u00a0 %0,87<\/p>\n<p>FP\u00a0\u00a0\u00a0\u00a0\u00a0\u00a0\u00a0 3\u00a0\u00a0\u00a0\u00a0\u00a0\u00a0\u00a0 %0,19<\/p>\n<p>N\u00dcFUS: \u00a02.307<\/p>\n<p>SANDIK: 8<\/p>\n<p>L\u0130STE: 1765<\/p>\n<p>OY: 1632<\/p>\n<p>GE\u00c7ERL\u0130 OY:1607<\/p>\n<p>KATILIM:% 92,46<\/p>\n<p><strong>1994 Y\u0131l\u0131 Se\u00e7im Sonu\u00e7lar\u0131<\/strong><\/p>\n<p>Mursall\u0131 Belediyesi\u2019nde 1994 Yerel Y\u00f6netim Se\u00e7imini Kazanan Belediye Ba\u015fkan\u0131:<\/p>\n<p><strong>CUMHUR \u00c7ATIK<\/strong><\/p>\n<p>DYP\u00a0\u00a0 618\u00a0\u00a0 %48,24<\/p>\n<p>SHP\u00a0\u00a0 577\u00a0\u00a0 %45,04<\/p>\n<p>ANAP\u00a0\u00a0 75\u00a0\u00a0 %5,85<\/p>\n<p>MHP\u00a0\u00a0 6\u00a0\u00a0\u00a0\u00a0\u00a0\u00a0 %0,47<\/p>\n<p>RP\u00a0\u00a0\u00a0\u00a0\u00a0\u00a0\u00a0 5\u00a0\u00a0\u00a0\u00a0\u00a0\u00a0\u00a0 %0,39<\/p>\n<p><strong>\u00a0<\/strong>N\u00dcFUS:\u00a0 2.743<\/p>\n<p>SANDIK: 5<\/p>\n<p>L\u0130STE: 1343<\/p>\n<p>OY: 1308<\/p>\n<p>GE\u00c7ERL\u0130 OY:1281<\/p>\n<p>KATILIM:% 97,39<\/p>\n<p><strong>1989Y\u0131l\u0131 Se\u00e7im Sonu\u00e7lar\u0131<\/strong><\/p>\n<p>Mursall\u0131 Belediyesi\u2019nde 1989 Yerel Y\u00f6netim Se\u00e7imini Kazanan Belediye Ba\u015fkan\u0131:<\/p>\n<p><strong>TUNAY BATARAY<\/strong><\/p>\n<p>DYP\u00a0\u00a0 502\u00a0\u00a0 %41,56<\/p>\n<p>SHP\u00a0\u00a0 691\u00a0\u00a0 %57,20<\/p>\n<p>RP\u00a0\u00a0\u00a0\u00a0\u00a0\u00a0\u00a0 15\u00a0\u00a0\u00a0\u00a0\u00a0\u00a0\u00a0 %1,24<\/p>\n<p>N\u00dcFUS:\u00a0 2.690<\/p>\n<p>SANDIK: 5<\/p>\n<p>L\u0130STE: 1282<\/p>\n<p>OY: 1234<\/p>\n<p>GE\u00c7ERL\u0130 OY:1208<\/p>\n<p>KATILIM:% 96,26<\/p>\n<p><strong>1984Y\u0131l\u0131 Se\u00e7im Sonu\u00e7lar\u0131<\/strong><\/p>\n<p>Mursall\u0131 Belediyesi\u2019nde 1984 Yerel Y\u00f6netim Se\u00e7imini Kazanan Belediye Ba\u015fkan\u0131:<\/p>\n<p><strong>TUNAY BATARAY<\/strong><\/p>\n<p>DYP\u00a0\u00a0 353\u00a0\u00a0 %38,16<\/p>\n<p>SODEP\u00a0\u00a0 407\u00a0\u00a0 %44,00<\/p>\n<p>ANAP\u00a0 165\u00a0\u00a0\u00a0\u00a0 %17,84<\/p>\n<p><strong>\u00a0<\/strong>N\u00dcFUS:\u00a0 2.033<\/p>\n<p>SANDIK: 5<\/p>\n<p>L\u0130STE: 1.034<\/p>\n<p>OY: 988<\/p>\n<p>GE\u00c7ERL\u0130 OY:925<\/p>\n<p>KATILIM:% 95,55<\/p>\n<p><strong>1977Y\u0131l\u0131 Se\u00e7im Sonu\u00e7lar\u0131<\/strong><\/p>\n<p>Mursall\u0131 Belediyesi\u2019nde 1977 Yerel Y\u00f6netim Se\u00e7imini Kazanan Belediye Ba\u015fkan\u0131:<\/p>\n<p><strong>MUSA ZEYT\u0130NC\u0130<\/strong><\/p>\n<p>AP\u00a0 543\u00a0 %55,02<\/p>\n<p>CHP\u00a0\u00a0 444\u00a0\u00a0 %44,98<\/p>\n<p><strong>\u00a0<\/strong>N\u00dcFUS:\u00a0 2.807<\/p>\n<p>SANDIK: 5<\/p>\n<p>L\u0130STE: 1.128<\/p>\n<p>OY: 1.017<\/p>\n<p>GE\u00c7ERL\u0130 OY:987<\/p>\n<p>KATILIM:% 90,00<\/p>\n<p><strong>\u00a0\u00a0<\/strong><\/p>\n<p><strong>1973Y\u0131l\u0131 Se\u00e7im Sonu\u00e7lar\u0131<\/strong><\/p>\n<p>Mursall\u0131 Belediyesi\u2019nde 1973 Yerel Y\u00f6netim Se\u00e7imini Kazanan Belediye Ba\u015fkan\u0131:<\/p>\n<p><strong>MUSA ZEYT\u0130NC\u0130<\/strong><\/p>\n<p>AP\u00a0 543\u00a0 %55,02<\/p>\n<p>CHP\u00a0\u00a0 444\u00a0\u00a0 %44,98<\/p>\n<p>DP\u00a0\u00a0\u00a0 142\u00a0\u00a0 %16,69<\/p>\n<p><strong>\u00a0<\/strong>N\u00dcFUS:\u00a0 2.404<\/p>\n<p>SANDIK: 5<\/p>\n<p>L\u0130STE: 1.046<\/p>\n<p>OY: 927<\/p>\n<p>GE\u00c7ERL\u0130 OY:851<\/p>\n<p>KATILIM:% 88,00<\/p>\n<p><strong>\u00a0<\/strong><\/p>\n<p><strong>1968Y\u0131l\u0131 Se\u00e7im Sonu\u00e7lar\u0131<\/strong><\/p>\n<p>Mursall\u0131 Belediyesi\u2019nde 1968 Yerel Y\u00f6netim Se\u00e7imini Kazanan Belediye Ba\u015fkan\u0131:<\/p>\n<p><strong>MUSA ZEYT\u0130NC\u0130<\/strong><\/p>\n<p>AP\u00a0 466 %55,02<\/p>\n<p>CHP\u00a0\u00a0 207\u00a0\u00a0 %44,98<\/p>\n<p><strong>\u00a0<\/strong>N\u00dcFUS:\u00a0 2.396<\/p>\n<p>SANDIK: 5<\/p>\n<p>L\u0130STE: 1.094<\/p>\n<p>OY: 731<\/p>\n<p>GE\u00c7ERL\u0130 OY: 673<\/p>\n<p>KATILIM:% 66,82<\/p>\n<p><strong>\u00a0\u00a0<\/strong><\/p>\n<p><strong>1963Y\u0131l\u0131 Se\u00e7im Sonu\u00e7lar\u0131<\/strong><\/p>\n<p>Mursall\u0131 Belediyesi\u2019nde 1963 Yerel Y\u00f6netim Se\u00e7imini Kazanan Belediye Ba\u015fkan\u0131:<\/p>\n<p><strong>MUSA ZEYT\u0130NC\u0130<\/strong><\/p>\n<p>AP\u00a0 505 %53,44<\/p>\n<p>BA\u011eIMSIZ\u00a0\u00a0\u00a0\u00a0 291\u00a0 %36,56<\/p>\n<p><strong>\u00a0<\/strong>N\u00dcFUS:\u00a0 2.032<\/p>\n<p>SANDIK: 4<\/p>\n<p>L\u0130STE: 1.035<\/p>\n<p>OY: 869<\/p>\n<p>GE\u00c7ERL\u0130 OY: 796<\/p>\n<p>KATILIM:% 83,96<\/p>\n<p>Kaynak: Yerel Y\u00f6netim<\/p>\n<p><strong>3) Muhtarlar\u0131m\u0131z<\/strong><\/p>\n<p><u>2009 Y\u0131l\u0131 Secimleri<\/u><\/p>\n<p><u>\u00a0Cumhuriyet Mahallesi Muhtar\u0131. Hilmi CAN<\/u><\/p>\n<p><u>Zafer Mahallesi Muhtar\u0131.\u00a0 Hicri TA\u015eDELEN<\/u><\/p>\n<p><u>2004 Y\u0131l\u0131 Secimleri<\/u><\/p>\n<p>Cumhuriyet Mahallesi Muhtar\u0131. Hilmi CAN<\/p>\n<p>Zafer Mahallesi Muhtar\u0131.\u00a0 Halil ULU<\/p>\n<p><u>1999 Y\u0131l\u0131 Se\u00e7imleri<\/u><\/p>\n<p>Cumhuriyet Mahallesi Muhtar\u0131. Hilmi CAN<\/p>\n<p>Zafer Mahallesi Muhtar\u0131.\u00a0 Halil ULU<\/p>\n<p><u>1994 Y\u0131l\u0131 Se\u00e7imleri<\/u><\/p>\n<p>Cumhuriyet Mahallesi Muhtar\u0131. Hilmi CAN<\/p>\n<p>Zafer Mahallesi Muhtar\u0131.\u00a0 Halil ULU<\/p>\n<p><u>1989 Y\u0131l\u0131 Se\u00e7imleri<\/u><\/p>\n<p>Cumhuriyet Mahallesi Muhtar\u0131. Hasan UZUN<\/p>\n<p>Zafer Mahallesi Muhtar\u0131.\u00a0 Mevl\u00fct BOZOK<\/p>\n<p><u>1984 Y\u0131l\u0131 Se\u00e7imleri<\/u><\/p>\n<p>Cumhuriyet Mahallesi Muhtar\u0131. Hasan UZUN<\/p>\n<p>Zafer Mahallesi Muhtar\u0131.\u00a0 Mevl\u00fct BOZOK<\/p>\n<p><u>1977 Y\u0131l\u0131 Se\u00e7imleri<\/u><\/p>\n<p>Cumhuriyet Mahallesi Muhtar\u0131. Hasan UZUN<\/p>\n<p>Zafer Mahallesi Muhtar\u0131.\u00a0 Bahattin BALKAN<\/p>\n<p><u>1973 Y\u0131l\u0131 Se\u00e7imleri<\/u><\/p>\n<p>Cumhuriyet Mahallesi Muhtar\u0131. Hasan UZUN<\/p>\n<p>Zafer Mahallesi Muhtar\u0131.\u00a0 Bahattin BALKAN<\/p>\n<p><u>1968 Y\u0131l\u0131 Se\u00e7imleri<\/u><\/p>\n<p>Cumhuriyet Mahallesi Muhtar\u0131. \u0130smail KONAR\u0130<\/p>\n<p>Zafer Mahallesi Muhtar\u0131.\u00a0 Bahattin BALKAN<\/p>\n<p><u>1963 Y\u0131l\u0131 Se\u00e7imleri<\/u><\/p>\n<p>Cumhuriyet Mahallesi Muhtar\u0131. \u0130smail KONAR\u0130<\/p>\n<p>Zafer Mahallesi Muhtar\u0131.\u00a0 Bahattin BALKAN<\/p>\n<p><strong>\u00a04)\u00a0\u00a0 Belediye Ba\u015fkanlar\u0131m\u0131z ve yapt\u0131\u011f\u0131 hizmetler<\/strong><\/p>\n<p><strong>MUSA ZEYT\u0130NC\u0130<\/strong><\/p>\n<p>MUSA ZEYT\u0130NC\u0130 YUNAN\u0130STANIN GREBENE \u0130L\u00c7ES\u0130NDE 1921 DE DO\u011eMU\u015e. YUNAN\u0130STANDA 1923 YILINDA M\u00dcBADELE \u0130LE MURSALLI KASABASINA GEL\u0130P ANNES\u0130 CEM\u0130LE VE BABASI S\u00dcLEYMAN ZEYT\u0130NC\u0130 \u0130LE YERLE\u015eM\u0130\u015eLERD\u0130R. \u0130SMET, ULV\u0130YE, AY\u015eE, SAC\u0130TT\u0130N VE AS\u0130P OLMAK \u00dcZERE 6 KARDE\u015eLERD\u0130. E\u015e\u0130 NADV\u0130YE \u0130LE 1950 YILINDA EVLENM\u0130\u015eLER. SAL\u0130HA, VASIF VE BERR\u0130N ADINDA \u00dc\u00c7 \u00c7OCUK SAH\u0130B\u0130 OLMU\u015e. 1963 TE YAPILAN SE\u00c7\u0130MLER\u0130NDE BELED\u0130YE BA\u015eKANI SE\u00c7\u0130LM\u0130\u015eT\u0130R. YAPMI\u015e OLDU\u011eU \u00c7ALI\u015eMALAR \u0130LE BELDEY\u0130 ELEKTR\u0130K, SU \u0130LE TANI\u015eTIRAN, MURSALLI \u0130LE GERMENC\u0130K ARASI YOLU YAPTIRAN, POSTANEN\u0130N MURSALLI&#8217;DA A\u00c7ILMASINDA KATKILARI OLAN, BELDEDEN \u00d6\u011eRENC\u0130LER\u0130N GERMENC\u0130\u011eE G\u0130TMES\u0130NDEK\u0130 ZORLUKLARI G\u00d6R\u00dcP 1975 YILINDA \u00c7EVREYE BAKTI\u011eIMIZ ZAMAN H\u0130\u00c7 B\u0130R BELDEDE ORTAOKUL YOK \u0130KEN BELDEM\u0130ZDE ORTA OKUL \u00d6\u011eRET\u0130M\u0130N\u0130N BASLAMASINDA COK BUYUK M\u00dcCADELE VERM\u0130\u015eT\u0130R.1980 \u0130HT\u0130LAL\u0130NDE HERKEZ G\u0130B\u0130 HAKSIZ YERE G\u00d6REV\u0130NDEN ALINMI\u015eTIR.ONDAN SONRA KEND\u0130S\u0130 \u00c7\u0130FT\u00c7\u0130L\u0130KLE U\u011eRA\u015eMI\u015e. 1980 \u0130HT\u0130LAL\u0130NDEN SONRA S\u0130YASETLE UGRASMAMI\u015e.28 N\u0130SAN 1988 YILINDA \u0130SE GE\u00c7\u0130RM\u0130\u015e OLDUGU BEYIN KANAMASINDAN SONRA ARAMIZDAN AYRILMI\u015eTIR<\/p>\n\n\n<p><mark style=\"background-color:rgba(0, 0, 0, 0)\" class=\"has-inline-color has-vivid-red-color\">L\u0130NKLER:<\/mark><\/p>\n\n\n\n<p><a href=\"https:\/\/www.ysk.gov.tr\/\">Y\u00dcKSEK SE\u00c7\u0130M KURULU<\/a><\/p>\n\n\n\n<p><a href=\"https:\/\/data.tuik.gov.tr\/Bulten\/Index?p=Adrese-Dayali-Nufus-Kayit-Sistemi-Sonuclari-2023-49684#:~:text=T%C3%BCrkiye'de%20ikamet%20eden%20n%C3%BCfus,9'unu%20ise%20kad%C4%B1nlar%20olu%C5%9Fturdu.\">T\u00dc\u0130K<\/a><\/p>\n\n\n\n<p><\/p>\n","protected":false},"excerpt":{"rendered":"<p>1)\u00a0\u00a0 N\u00fcfus Say\u0131m\u0131 Sonu\u00e7lar\u0131 2)\u00a0\u00a0 Se\u00e7im Sonu\u00e7lar\u0131 ve Belediye Ba\u015fkanlar\u0131m\u0131z 3)\u00a0\u00a0 Muhtarlar 4)\u00a0\u00a0 Belediye Ba\u015fkanlar\u0131m\u0131z ve yapt\u0131\u011f\u0131 hizmetler 1-) N\u00fcfus Say\u0131m\u0131 Sonu\u00e7lar\u0131 \u00a0N\u00fcfus Say\u0131m\u0131 \u00a0\u00a0 Y\u0131l\u0131\u00a0\u00a0\u00a0\u00a0\u00a0\u00a0\u00a0\u00a0\u00a0\u00a0\u00a0\u00a0\u00a0\u00a0\u00a0\u00a0\u00a0\u00a0\u00a0\u00a0\u00a0\u00a0\u00a0\u00a0\u00a0 N\u00fcfus 1980\u00a0\u00a0 \u00a0\u00a0\u00a0\u00a0\u00a0\u00a0\u00a0\u00a0\u00a0\u00a0\u00a0\u00a0\u00a0\u00a0\u00a0\u00a0\u00a0\u00a0\u00a0\u00a0\u00a0\u00a0\u00a02.400 1985\u00a0\u00a0\u00a0\u00a0\u00a0\u00a0\u00a0\u00a0\u00a0\u00a0\u00a0\u00a0\u00a0\u00a0\u00a0\u00a0\u00a0\u00a0\u00a0\u00a0\u00a0\u00a0\u00a0\u00a0\u00a0\u00a02.600 1990\u00a0\u00a0\u00a0\u00a0\u00a0\u00a0\u00a0\u00a0\u00a0\u00a0\u00a0\u00a0\u00a0\u00a0\u00a0\u00a0\u00a0\u00a0\u00a0\u00a0\u00a0\u00a0\u00a0\u00a0\u00a0\u00a02.743 1995\u00a0\u00a0\u00a0\u00a0\u00a0\u00a0\u00a0\u00a0\u00a0\u00a0\u00a0\u00a0\u00a0\u00a0\u00a0\u00a0\u00a0\u00a0\u00a0\u00a0\u00a0\u00a0\u00a0\u00a0\u00a0\u00a02.307 2000\u00a0\u00a0\u00a0\u00a0\u00a0\u00a0\u00a0\u00a0\u00a0\u00a0\u00a0\u00a0\u00a0\u00a0\u00a0\u00a0\u00a0\u00a0\u00a0\u00a0\u00a0\u00a0\u00a0\u00a0\u00a0 2.049 2-) Se\u00e7im sonu\u00e7lar\u0131 ve Belediye Ba\u015fkanlar\u0131m\u0131z \u00a02009 Y\u0131l\u0131 Se\u00e7im Sonu\u00e7lar\u0131 Mursall\u0131 Belediyesi\u2019nde 2009 Yerel Y\u00f6netim Se\u00e7imini Kazanan Belediye Ba\u015fkan\u0131: HAYR\u0130 ALTAY<\/p><\/div>\n<div class=\"blog-btn\"><a href=\"https:\/\/mursalli.com\/index.php\/sayilarla-mursalli\/\" class=\"home-blog-btn\">Daha fazlas\u0131n\u0131 oku<\/a><\/p>\n","protected":false},"author":2,"featured_media":0,"parent":0,"menu_order":0,"comment_status":"closed","ping_status":"closed","template":"","meta":{"footnotes":""},"class_list":["post-42","page","type-page","status-publish","hentry"],"yoast_head":"<!-- This site is optimized with the Yoast SEO plugin v23.5 - https:\/\/yoast.com\/wordpress\/plugins\/seo\/ -->\n<title>Say\u0131larla Mursall\u0131 - MURSALLI<\/title>\n<meta name=\"description\" content=\"Bu sayfada y\u0131llara g\u00f6re eskiden belediye olan Mursall\u0131 Mahallesindeki yap\u0131lan se\u00e7im sonu\u00e7lar\u0131 payla\u015f\u0131lmaktad\u0131r\" \/>\n<meta name=\"robots\" content=\"index, follow, max-snippet:-1, max-image-preview:large, max-video-preview:-1\" \/>\n<link rel=\"canonical\" href=\"https:\/\/mursalli.com\/index.php\/sayilarla-mursalli\/\" \/>\n<meta property=\"og:locale\" content=\"tr_TR\" \/>\n<meta property=\"og:type\" content=\"article\" \/>\n<meta property=\"og:title\" content=\"Say\u0131larla Mursall\u0131 - MURSALLI\" \/>\n<meta property=\"og:description\" content=\"Bu sayfada y\u0131llara g\u00f6re eskiden belediye olan Mursall\u0131 Mahallesindeki yap\u0131lan se\u00e7im sonu\u00e7lar\u0131 payla\u015f\u0131lmaktad\u0131r\" \/>\n<meta property=\"og:url\" content=\"https:\/\/mursalli.com\/index.php\/sayilarla-mursalli\/\" \/>\n<meta property=\"og:site_name\" content=\"MURSALLI\" \/>\n<meta property=\"article:modified_time\" content=\"2024-10-03T11:08:21+00:00\" \/>\n<meta property=\"og:image\" content=\"http:\/\/mursalli.com\/wp-content\/uploads\/2018\/06\/secim-300x149.jpg\" \/>\n<meta name=\"twitter:card\" content=\"summary_large_image\" \/>\n<meta name=\"twitter:label1\" content=\"Tahmini okuma s\u00fcresi\" \/>\n\t<meta name=\"twitter:data1\" content=\"5 dakika\" \/>\n<script type=\"application\/ld+json\" class=\"yoast-schema-graph\">{\"@context\":\"https:\/\/schema.org\",\"@graph\":[{\"@type\":\"WebPage\",\"@id\":\"https:\/\/mursalli.com\/index.php\/sayilarla-mursalli\/\",\"url\":\"https:\/\/mursalli.com\/index.php\/sayilarla-mursalli\/\",\"name\":\"Say\u0131larla Mursall\u0131 - MURSALLI\",\"isPartOf\":{\"@id\":\"https:\/\/mursalli.com\/#website\"},\"primaryImageOfPage\":{\"@id\":\"https:\/\/mursalli.com\/index.php\/sayilarla-mursalli\/#primaryimage\"},\"image\":{\"@id\":\"https:\/\/mursalli.com\/index.php\/sayilarla-mursalli\/#primaryimage\"},\"thumbnailUrl\":\"http:\/\/mursalli.com\/wp-content\/uploads\/2018\/06\/secim-300x149.jpg\",\"datePublished\":\"2018-05-05T20:37:37+00:00\",\"dateModified\":\"2024-10-03T11:08:21+00:00\",\"description\":\"Bu sayfada y\u0131llara g\u00f6re eskiden belediye olan Mursall\u0131 Mahallesindeki yap\u0131lan se\u00e7im sonu\u00e7lar\u0131 payla\u015f\u0131lmaktad\u0131r\",\"breadcrumb\":{\"@id\":\"https:\/\/mursalli.com\/index.php\/sayilarla-mursalli\/#breadcrumb\"},\"inLanguage\":\"tr\",\"potentialAction\":[{\"@type\":\"ReadAction\",\"target\":[\"https:\/\/mursalli.com\/index.php\/sayilarla-mursalli\/\"]}]},{\"@type\":\"ImageObject\",\"inLanguage\":\"tr\",\"@id\":\"https:\/\/mursalli.com\/index.php\/sayilarla-mursalli\/#primaryimage\",\"url\":\"http:\/\/mursalli.com\/wp-content\/uploads\/2018\/06\/secim-300x149.jpg\",\"contentUrl\":\"http:\/\/mursalli.com\/wp-content\/uploads\/2018\/06\/secim-300x149.jpg\"},{\"@type\":\"BreadcrumbList\",\"@id\":\"https:\/\/mursalli.com\/index.php\/sayilarla-mursalli\/#breadcrumb\",\"itemListElement\":[{\"@type\":\"ListItem\",\"position\":1,\"name\":\"Anasayfa\",\"item\":\"https:\/\/mursalli.com\/\"},{\"@type\":\"ListItem\",\"position\":2,\"name\":\"Say\u0131larla Mursall\u0131\"}]},{\"@type\":\"WebSite\",\"@id\":\"https:\/\/mursalli.com\/#website\",\"url\":\"https:\/\/mursalli.com\/\",\"name\":\"MURSALLI\",\"description\":\"Germencik-AYDIN\",\"publisher\":{\"@id\":\"https:\/\/mursalli.com\/#organization\"},\"potentialAction\":[{\"@type\":\"SearchAction\",\"target\":{\"@type\":\"EntryPoint\",\"urlTemplate\":\"https:\/\/mursalli.com\/?s={search_term_string}\"},\"query-input\":{\"@type\":\"PropertyValueSpecification\",\"valueRequired\":true,\"valueName\":\"search_term_string\"}}],\"inLanguage\":\"tr\"},{\"@type\":\"Organization\",\"@id\":\"https:\/\/mursalli.com\/#organization\",\"name\":\"MURSALLI\",\"url\":\"https:\/\/mursalli.com\/\",\"logo\":{\"@type\":\"ImageObject\",\"inLanguage\":\"tr\",\"@id\":\"https:\/\/mursalli.com\/#\/schema\/logo\/image\/\",\"url\":\"https:\/\/mursalli.com\/wp-content\/uploads\/2021\/04\/cropped-fig_leaf.png\",\"contentUrl\":\"https:\/\/mursalli.com\/wp-content\/uploads\/2021\/04\/cropped-fig_leaf.png\",\"width\":512,\"height\":512,\"caption\":\"MURSALLI\"},\"image\":{\"@id\":\"https:\/\/mursalli.com\/#\/schema\/logo\/image\/\"}}]}<\/script>\n<!-- \/ Yoast SEO plugin. -->","yoast_head_json":{"title":"Say\u0131larla Mursall\u0131 - MURSALLI","description":"Bu sayfada y\u0131llara g\u00f6re eskiden belediye olan Mursall\u0131 Mahallesindeki yap\u0131lan se\u00e7im sonu\u00e7lar\u0131 payla\u015f\u0131lmaktad\u0131r","robots":{"index":"index","follow":"follow","max-snippet":"max-snippet:-1","max-image-preview":"max-image-preview:large","max-video-preview":"max-video-preview:-1"},"canonical":"https:\/\/mursalli.com\/index.php\/sayilarla-mursalli\/","og_locale":"tr_TR","og_type":"article","og_title":"Say\u0131larla Mursall\u0131 - MURSALLI","og_description":"Bu sayfada y\u0131llara g\u00f6re eskiden belediye olan Mursall\u0131 Mahallesindeki yap\u0131lan se\u00e7im sonu\u00e7lar\u0131 payla\u015f\u0131lmaktad\u0131r","og_url":"https:\/\/mursalli.com\/index.php\/sayilarla-mursalli\/","og_site_name":"MURSALLI","article_modified_time":"2024-10-03T11:08:21+00:00","og_image":[{"url":"http:\/\/mursalli.com\/wp-content\/uploads\/2018\/06\/secim-300x149.jpg"}],"twitter_card":"summary_large_image","twitter_misc":{"Tahmini okuma s\u00fcresi":"5 dakika"},"schema":{"@context":"https:\/\/schema.org","@graph":[{"@type":"WebPage","@id":"https:\/\/mursalli.com\/index.php\/sayilarla-mursalli\/","url":"https:\/\/mursalli.com\/index.php\/sayilarla-mursalli\/","name":"Say\u0131larla Mursall\u0131 - MURSALLI","isPartOf":{"@id":"https:\/\/mursalli.com\/#website"},"primaryImageOfPage":{"@id":"https:\/\/mursalli.com\/index.php\/sayilarla-mursalli\/#primaryimage"},"image":{"@id":"https:\/\/mursalli.com\/index.php\/sayilarla-mursalli\/#primaryimage"},"thumbnailUrl":"http:\/\/mursalli.com\/wp-content\/uploads\/2018\/06\/secim-300x149.jpg","datePublished":"2018-05-05T20:37:37+00:00","dateModified":"2024-10-03T11:08:21+00:00","description":"Bu sayfada y\u0131llara g\u00f6re eskiden belediye olan Mursall\u0131 Mahallesindeki yap\u0131lan se\u00e7im sonu\u00e7lar\u0131 payla\u015f\u0131lmaktad\u0131r","breadcrumb":{"@id":"https:\/\/mursalli.com\/index.php\/sayilarla-mursalli\/#breadcrumb"},"inLanguage":"tr","potentialAction":[{"@type":"ReadAction","target":["https:\/\/mursalli.com\/index.php\/sayilarla-mursalli\/"]}]},{"@type":"ImageObject","inLanguage":"tr","@id":"https:\/\/mursalli.com\/index.php\/sayilarla-mursalli\/#primaryimage","url":"http:\/\/mursalli.com\/wp-content\/uploads\/2018\/06\/secim-300x149.jpg","contentUrl":"http:\/\/mursalli.com\/wp-content\/uploads\/2018\/06\/secim-300x149.jpg"},{"@type":"BreadcrumbList","@id":"https:\/\/mursalli.com\/index.php\/sayilarla-mursalli\/#breadcrumb","itemListElement":[{"@type":"ListItem","position":1,"name":"Anasayfa","item":"https:\/\/mursalli.com\/"},{"@type":"ListItem","position":2,"name":"Say\u0131larla Mursall\u0131"}]},{"@type":"WebSite","@id":"https:\/\/mursalli.com\/#website","url":"https:\/\/mursalli.com\/","name":"MURSALLI","description":"Germencik-AYDIN","publisher":{"@id":"https:\/\/mursalli.com\/#organization"},"potentialAction":[{"@type":"SearchAction","target":{"@type":"EntryPoint","urlTemplate":"https:\/\/mursalli.com\/?s={search_term_string}"},"query-input":{"@type":"PropertyValueSpecification","valueRequired":true,"valueName":"search_term_string"}}],"inLanguage":"tr"},{"@type":"Organization","@id":"https:\/\/mursalli.com\/#organization","name":"MURSALLI","url":"https:\/\/mursalli.com\/","logo":{"@type":"ImageObject","inLanguage":"tr","@id":"https:\/\/mursalli.com\/#\/schema\/logo\/image\/","url":"https:\/\/mursalli.com\/wp-content\/uploads\/2021\/04\/cropped-fig_leaf.png","contentUrl":"https:\/\/mursalli.com\/wp-content\/uploads\/2021\/04\/cropped-fig_leaf.png","width":512,"height":512,"caption":"MURSALLI"},"image":{"@id":"https:\/\/mursalli.com\/#\/schema\/logo\/image\/"}}]}},"_links":{"self":[{"href":"https:\/\/mursalli.com\/index.php\/wp-json\/wp\/v2\/pages\/42"}],"collection":[{"href":"https:\/\/mursalli.com\/index.php\/wp-json\/wp\/v2\/pages"}],"about":[{"href":"https:\/\/mursalli.com\/index.php\/wp-json\/wp\/v2\/types\/page"}],"author":[{"embeddable":true,"href":"https:\/\/mursalli.com\/index.php\/wp-json\/wp\/v2\/users\/2"}],"replies":[{"embeddable":true,"href":"https:\/\/mursalli.com\/index.php\/wp-json\/wp\/v2\/comments?post=42"}],"version-history":[{"count":6,"href":"https:\/\/mursalli.com\/index.php\/wp-json\/wp\/v2\/pages\/42\/revisions"}],"predecessor-version":[{"id":16291,"href":"https:\/\/mursalli.com\/index.php\/wp-json\/wp\/v2\/pages\/42\/revisions\/16291"}],"wp:attachment":[{"href":"https:\/\/mursalli.com\/index.php\/wp-json\/wp\/v2\/media?parent=42"}],"curies":[{"name":"wp","href":"https:\/\/api.w.org\/{rel}","templated":true}]}}